{"id":32,"date":"2026-02-23T02:02:59","date_gmt":"2026-02-23T02:02:59","guid":{"rendered":"https:\/\/happy-raman.217-154-19-211.plesk.page\/?post_type=product&#038;p=32"},"modified":"2026-04-28T13:04:11","modified_gmt":"2026-04-28T13:04:11","slug":"uv-dtf","status":"publish","type":"product","link":"https:\/\/www.dtf-timeline.fr\/index.php\/produit\/uv-dtf\/","title":{"rendered":"UV DTF"},"content":{"rendered":"<p data-start=\"69\" data-end=\"107\"><strong data-start=\"69\" data-end=\"107\">CARACT\u00c9RISTIQUES DU STICKER DTF UV<\/strong><\/p>\n<ul data-start=\"109\" data-end=\"657\">\n<li data-section-id=\"1e1a3mt\" data-start=\"109\" data-end=\"188\">\n<p data-start=\"111\" data-end=\"188\">Application facile gr\u00e2ce au <strong data-start=\"139\" data-end=\"157\">pelage \u00e0 froid<\/strong>, sans \u00e9quipement particulier<\/p>\n<\/li>\n<li data-section-id=\"221wat\" data-start=\"189\" data-end=\"294\">\n<p data-start=\"191\" data-end=\"294\">Id\u00e9al pour la <strong data-start=\"205\" data-end=\"254\">personnalisation d\u2019objets et surfaces rigides<\/strong> : verre, plastique, m\u00e9tal, bois, etc.<\/p>\n<\/li>\n<li data-section-id=\"1gbmf0q\" data-start=\"295\" data-end=\"344\">\n<p data-start=\"297\" data-end=\"344\">Compatible avec <strong data-start=\"313\" data-end=\"342\">supports clairs et fonc\u00e9s<\/strong><\/p>\n<\/li>\n<li data-section-id=\"1ijhemc\" data-start=\"345\" data-end=\"451\">\n<p data-start=\"347\" data-end=\"451\">Solution parfaite pour <strong data-start=\"370\" data-end=\"449\">logos, marquage publicitaire, stickers personnalis\u00e9s et d\u00e9coration d\u2019objets<\/strong><\/p>\n<\/li>\n<li data-section-id=\"1jwnxmk\" data-start=\"452\" data-end=\"504\">\n<p data-start=\"454\" data-end=\"504\">Recommand\u00e9 pour une <strong data-start=\"474\" data-end=\"502\">utilisation en int\u00e9rieur<\/strong><\/p>\n<\/li>\n<li data-section-id=\"sgn5i2\" data-start=\"505\" data-end=\"550\">\n<p data-start=\"507\" data-end=\"550\">Non adapt\u00e9 pour <strong data-start=\"523\" data-end=\"548\">marquage sur v\u00e9hicule<\/strong><\/p>\n<\/li>\n<li data-section-id=\"hwivrg\" data-start=\"551\" data-end=\"588\">\n<p data-start=\"553\" data-end=\"588\">Non compatible <strong data-start=\"568\" data-end=\"586\">lave-vaisselle<\/strong><\/p>\n<\/li>\n<li data-section-id=\"1cdl9m0\" data-start=\"589\" data-end=\"657\">\n<p data-start=\"591\" data-end=\"657\">\u00c9viter le contact avec <strong data-start=\"614\" data-end=\"633\">liquides chauds<\/strong> (risque de d\u00e9collement)<\/p>\n<\/li>\n<\/ul>\n","protected":false},"excerpt":{"rendered":"<p>CARACT\u00c9RISTIQUES DU STICKER DTF UV Application facile gr\u00e2ce au pelage \u00e0 froid, sans \u00e9quipement particulier Id\u00e9al pour la personnalisation d\u2019objets et surfaces rigides : verre, plastique, m\u00e9tal, bois, etc. Compatible avec supports clairs et fonc\u00e9s Solution parfaite pour logos, marquage publicitaire, stickers personnalis\u00e9s et d\u00e9coration d\u2019objets Recommand\u00e9 pour une utilisation en int\u00e9rieur Non adapt\u00e9 pour [&hellip;]<\/p>\n","protected":false},"featured_media":112,"comment_status":"open","ping_status":"closed","template":"","meta":[],"product_brand":[],"product_cat":[17],"product_tag":[],"class_list":{"0":"post-32","1":"product","2":"type-product","3":"status-publish","4":"has-post-thumbnail","6":"product_cat-uv-dtf","8":"first","9":"instock","10":"sale","11":"taxable","12":"shipping-taxable","13":"purchasable","14":"product-type-variable","15":"has-default-attributes"},"jetpack_sharing_enabled":true,"_links":{"self":[{"href":"https:\/\/www.dtf-timeline.fr\/index.php\/wp-json\/wp\/v2\/product\/32","targetHints":{"allow":["GET"]}}],"collection":[{"href":"https:\/\/www.dtf-timeline.fr\/index.php\/wp-json\/wp\/v2\/product"}],"about":[{"href":"https:\/\/www.dtf-timeline.fr\/index.php\/wp-json\/wp\/v2\/types\/product"}],"replies":[{"embeddable":true,"href":"https:\/\/www.dtf-timeline.fr\/index.php\/wp-json\/wp\/v2\/comments?post=32"}],"wp:featuredmedia":[{"embeddable":true,"href":"https:\/\/www.dtf-timeline.fr\/index.php\/wp-json\/wp\/v2\/media\/112"}],"wp:attachment":[{"href":"https:\/\/www.dtf-timeline.fr\/index.php\/wp-json\/wp\/v2\/media?parent=32"}],"wp:term":[{"taxonomy":"product_brand","embeddable":true,"href":"https:\/\/www.dtf-timeline.fr\/index.php\/wp-json\/wp\/v2\/product_brand?post=32"},{"taxonomy":"product_cat","embeddable":true,"href":"https:\/\/www.dtf-timeline.fr\/index.php\/wp-json\/wp\/v2\/product_cat?post=32"},{"taxonomy":"product_tag","embeddable":true,"href":"https:\/\/www.dtf-timeline.fr\/index.php\/wp-json\/wp\/v2\/product_tag?post=32"}],"curies":[{"name":"wp","href":"https:\/\/api.w.org\/{rel}","templated":true}]}}